123371
In base 13, what is -1c3 + -bb?
-2b1
In base 12, what is -3200 - 19?
-3219
In base 6, what is -454 + -1355?
-2253
In base 9, what is -62681 + 105?
-62575
In base 3, what is -1 - -102201210?
102201202
In base 13, what is -36b - 168?
-506
In base 14, what is 9 - 6006a?
-60061
In base 15, what is -43 - 591?
-5d4
In base 16, what is -bc + 15c6?
150a
In base 12, what is 5 - 2253?
-224a
In base 14, what is 9 - 3365?
-335a
In base 15, what is 4 - -a4458?
a445c
In base 9, what is 1053 + -23?
1030
In base 11, what is -306 - -245?
-71
In base 7, what is 2024515 - 36?
2024446
In base 4, what is -31 + 122310?
122213
In base 8, what is 2670 - 242?
2426
In base 5, what is -330 - 1422?
-2302
In base 16, what is -995 - -6e?
-927
In base 9, what is 3 - -44256?
44260
In base 16, what is -13 + -5fb?
-60e
In base 15, what is -320a6 + 1?
-320a5
In base 13, what is -12a1 + 0?
-12a1
In base 3, what is 111122 + -11?
111111
In base 15, what is 5 + 20174?
20179
In base 14, what is 3cc1 + 4?
3cc5
In base 8, what is 3 + -465063?
-465060
In base 6, what is -45 + 14101?
14012
In base 6, what is -411211 + -2?
-411213
In base 15, what is -5 + a41c?
a417
In base 14, what is -8 + -8397?
-83a1
In base 3, what is -20 + -1211002?
-1211022
In base 3, what is 1210210 + -1202?
1202001
In base 13, what is 1708 - -28?
1733
In base 13, what is -3208 - -1?
-3207
In base 5, what is 14441401 + 10?
14441411
In base 7, what is 1 + 224354?
224355
In base 15, what is 9 + -575c7?
-575bd
In base 5, what is 1142333 + -100?
1142233
In base 2, what is -100000100100101 + 1010?
-100000100011011
In base 13, what is -79 + 208?
15c
In base 5, what is -20401042 + -1?
-20401043
In base 4, what is -201320 - 103320?
-311300
In base 15, what is 72 - -21a?
28c
In base 12, what is 56 + 619?
673
In base 13, what is -651 + 0?
-651
In base 11, what is 884 + 13a?
a13
In base 13, what is -b + -8132?
-8140
In base 12, what is -2b74 - -1b?
-2b55
In base 11, what is -58303 - -4?
-582aa
In base 3, what is 12 + -1121201100?
-1121201011
In base 12, what is 2b21 + a4?
3005
In base 16, what is 14b1 + 1?
14b2
In base 6, what is -553 + 14051?
13054
In base 3, what is -2 - -200000102010?
200000102001
In base 3, what is -12 - 200101101?
-200101120
In base 2, what is -1000011010001 - -100?
-1000011001101
In base 2, what is -100011000 - -1111111?
-10011001
In base 9, what is 43 - -25842?
25885
In base 14, what is -1c + 5c?
40
In base 12, what is -9a5 - 18?
-a01
In base 12, what is -851 + 30?
-821
In base 7, what is -3 + 1031103?
1031100
In base 14, what is ab44 + -4?
ab40
In base 4, what is 10322 - 2122?
2200
In base 3, what is -211101010001 - 0?
-211101010001
In base 3, what is 21 + -21210220000?
-21210212202
In base 12, what is bb + 118?
217
In base 7, what is 0 + -55410?
-55410
In base 7, what is 31022436 - 4?
31022432
In base 14, what is 36 - 24b7?
-2481
In base 12, what is 2a4a6 - -2?
2a4a8
In base 16, what is -3 - -2ed67?
2ed64
In base 5, what is -30 + 31143?
31113
In base 10, what is -49 - -415?
366
In base 13, what is 5c6 - -a3?
699
In base 7, what is -121426 + -113?
-121542
In base 9, what is 0 + -130086?
-130086
In base 10, what is -31083 + -1?
-31084
In base 5, what is 1043 + -1333?
-240
In base 12, what is 68 + 18b6?
1962
In base 12, what is -16 - -447?
431
In base 11, what is 0 + 9542?
9542
In base 2, what is -11 - 100010110111001?
-100010110111100
In base 13, what is -2366b + 17?
-23654
In base 6, what is -2 - 23255324?
-23255330
In base 5, what is 201431 + -4?
201422
In base 5, what is -2 - 110101231?
-110101233
In base 4, what is -12301 + -111021?
-123322
In base 6, what is 25014 - -131?
25145
In base 2, what is -1001001100 + 1110100011?
101010111
In base 12, what is -97 - 485?
-560
In base 16, what is -2e97a2 + 5?
-2e979d
In base 10, what is 37173 - 7?
37166
In base 16, what is 40ec4 + -1?
40ec3
In base 4, what is -1 + -21021202?
-21021203
In base 3, what is -110 + 11120020?
11112210
In base 13, what is a + 18757?
18764
In base 14, what is -3b0 + -1?
-3b1
In base 12, what is -37 - -129?
b2
In base 12, what is 9a908 + -4?
9a904
In base 13, what is -75b46 + -1?
-75b47
In base 6, what is 1 + -3254?
-3253
In base 10, what is -15614 - -23?
-15591
In base 12, what is 4 + 10297?
1029b
In base 3, what is 12 - 210111210212?
-210111210200
In base 3, what is 100112121 + 1110?
100121001
In base 6, what is -5251 + -332?
-10023
In base 15, what is c4 - 0?
c4
In base 6, what is 54145 - 201?
53544
In base 13, what is -18 + -5453?
-546b
In base 8, what is -37774 + -26?
-40022
In base 8, what is 22524 - 56?
22446
In base 9, what is 0 - -10736?
10736
In base 6, what is 130121 + -1121?
125000
In base 11, what is 5 - 173083?
-173079
In base 9, what is -100050 - -4?
-100045
In base 13, what is -1 - 70190?
-70191
In base 3, what is 221 + 2020002011?
2020010002
In base 16, what is -21 - 1f33?
-1f54
In base 7, what is 1301555 - 5?
1301550
In base 5, what is 11 - -121244311?
121244322
In base 2, what is -10000111100 - -1011111?
-1111011101
In base 15, what is -1d - 16d0?
-16ed
In base 5, what is -321 + 321?
0
In base 2, what is -1101 + 10010100110?
10010011001
In base 5, what is 40323 - -1143?
42021
In base 4, what is 2123113012 - 1?
2123113011
In base 4, what is -1 - 12023232123?
-12023232130
In base 15, what is -19438 - -1?
-19437
In base 8, what is -5 - -2324?
2317
In base 16, what is d00 + c?
d0c
In base 8, what is 1420 - -6416?
10036
In base 3, what is 0 + -111020012220?
-111020012220
In base 10, what is 40930 + 56?
40986
In base 2, what is -1 - -101010101010111?
101010101010110
In base 2, what is 10101110111001001 + -101?
10101110111000100
In base 10, what is -258 - -10244?
9986
In base 2, what is -110001110001011 + -1?
-110001110001100
In base 8, what is -1002275 - 3?
-1002300
In base 10, what is -4 - -66405?
66401
In base 8, what is 4 + 135414?
135420
In base 10, what is -6 + -6143?
-6149
In base 5, what is -113024 + -32?
-113111
In base 16, what is -1ee - -d4?
-11a
In base 12, what is 5885 - 19?
5868
In base 3, what is 210 + 100212?
101122
In base 6, what is 1 + 132254?
132255
In base 11, what is 6811a + 1?
68120
In base 7, what is 35624 + 226?
36153
In base 16, what is -4 - -29a0?
299c
In base 14, what is -64524 - -2?
-64522
In base 15, what is 5d3 + 4a4?
a87
In base 5, what is -1 + 20024110?
20024104
In base 2, what is -100 + 110001001110111?
110001001110011
In base 5, what is 3 + -1410424?
-1410421
In base 14, what is 5 - -7543?
7548
In base 7, what is -10150 + -2222?
-12402
In base 8, what is -30 - -50315?
50265
In base 15, what is cd73 + -2?
cd71
In base 9, what is -16 - 166370?
-166386
In base 14, what is -13 + 3b947?
3b934
In base 8, what is -14713 + -25?
-14740
In base 7, what is 13 + -1420?
-1404
In base 9, what is 411827 - -1?
411828
In base 8, what is 12 + 2430?
2442
In base 3, what is 111221 + 12200?
201121
In base 15, what is 4 - -2945?
2949
In base 12, what is 8 - -562?
56a
In base 12, what is -16 + -331b?
-3335
In base 7, what is 0 - -2100420?
2100420
In base 7, what is 31222 - 1?
31221
In base 6, what is -43 + 2354450?
2354403
In base 12, what is -a3a85 + 1?
-a3a84
In base 14, what is -4 - 12d4?
-12d8
In base 3, what is -12 + -121210001?
-121210020
In base 6, what is 1441115 + 5?
1441124
In base 16, what is -3 + 4dd?
4da
In base 11, what is -1035684 + -3?
-1035687
In base 2, what is 10111100010101100 + 110?
10111100010110010
In base 7, what is 4245 + -652?
3263
In base 16, what is 763f + 3?
7642
In base 11, what is -9 - -67247?
67239
In base 15, what is -2 + -18a72?
-18a74
In base 6, what is 12523135 + -3?
12523132
In base 8, what is 144 + -255?
-111
In base 13, what is 23 + 1961?
1984
In base 9, what is -11 - -61?
50
In base 9, what is -12 - 6520?
-6532
In base 11, what is 1363 - -2a?
1392
In base 11, what is 2056047 + 0?
2056047
In base 12, what is -4 - 55a5b?
-55a63
In base 12, what is -3 + -43608?
-4360b
In base 6, what is -124434 - -111?
-124323
In base 7, what is 316 - -261?
610
In base 4, what is 3330322 + -122?
3330200
In base 4, what is 231 - -3201?
10032
In base 5, what is 4 - -3200?
3204
In base 12, what is -2 - -5701?
56bb
In base 2, what is 10101000111110110 - -11?
10101000111111001
In base 2, what is -100111111101010101 - 1100?
-100111111101100001
In base 11, what is 824464 - -4?
824468